44 + -161ca2c?
-161c9b8
In base 7, what is 36 + -253404162?
-253404123
In base 3, what is -10012 - -10112001111020?
10112001101001
In base 11, what is 2 + -11388859?
-11388857
In base 5, what is -130313040213 + 2?
-130313040211
In base 3, what is -11 + -20001121020020?
-20001121020101
In base 10, what is -1262128 + 120?
-1262008
In base 12, what is -496a8a3 + -8?
-496a8ab
In base 11, what is 0 + -5222023?
-5222023
In base 7, what is -11005540 + 16?
-11005521
In base 9, what is -1 - 14283867?
-14283868
In base 4, what is -30 + -31231201200?
-31231201230
In base 9, what is 382460 - -147?
382617
In base 9, what is 323115 + 107?
323223
In base 6, what is -25110343 + 13?
-25110330
In base 16, what is 1933 - -9922?
b255
In base 9, what is -1 - -672116?
672115
In base 16, what is -2234fc - -12?
-2234ea
In base 7, what is -15110 + -216?
-15326
In base 12, what is 230328b + a3?
2303372
In base 11, what is 101125 + -719?
100507
In base 3, what is -202011202 - 20221211?
-1000010120
In base 2, what is -11100001001 - -1111011011101?
1011111010100
In base 4, what is -3100300212013 - -3?
-3100300212010
In base 14, what is 17dccd - 2d?
17dca0
In base 13, what is 28 - 39591aa?
-3959182
In base 12, what is 559b4 + 29b?
56093
In base 16, what is 2fd - -2b77?
2e74
In base 13, what is -389 + 6836?
647a
In base 7, what is 0 + 22120663?
22120663
In base 15, what is 7 - -195405?
19540c
In base 3, what is 102211221110020 + -2?
102211221110011
In base 5, what is -1013233424 - 0?
-1013233424
In base 14, what is 33b4148 + 2?
33b414a
In base 11, what is -741 - 475a?
-53a0
In base 7, what is 114363506451 - -1?
114363506452
In base 2, what is -101 - 1000001100010000101000?
-1000001100010000101101
In base 16, what is -7 + 1e16b1?
1e16aa
In base 14, what is -b + -97a05b7?
-97a05c4
In base 10, what is 6321625 + -25?
6321600
In base 16, what is 9aded + -71?
9ad7c
In base 4, what is -11 + 1113310321?
1113310310
In base 15, what is -a6 + 6ec4d9?
6ec433
In base 14, what is -14b2d10 - 3?
-14b2d13
In base 9, what is 331 - 58754?
-58423
In base 11, what is 1 + 1569980?
1569981
In base 16, what is -141 - -16ac3?
16982
In base 16, what is a4281 - 4?
a427d
In base 16, what is 6e65c - -1f3?
6e84f
In base 10, what is -765 + 1728?
963
In base 2, what is 100111001111101010 + 110101?
100111010000011111
In base 6, what is -51412 - 14131?
-105543
In base 8, what is 30513525 - -1?
30513526
In base 8, what is -1 + 22754512?
22754511
In base 10, what is 960 + -47877?
-46917
In base 6, what is -21313422323 - 3?
-21313422330
In base 15, what is -43 + 1d6c1?
1d67d
In base 8, what is -752704067 - -1?
-752704066
In base 2, what is 1010010 + 10100101000001110100?
10100101000011000110
In base 4, what is 1112201210 + -20?
1112201130
In base 6, what is 104255023150 - -2?
104255023152
In base 14, what is 25108da - -5?
2510901
In base 11, what is 33748 + 14567?
48204
In base 5, what is -133202013 + -1411?
-133203424
In base 12, what is -1a70 - -13b5?
-677
In base 7, what is -162603632 - 23?
-162603655
In base 4, what is 1103111203 - -1303?
1103113112
In base 5, what is 3030002 - 204?
3024243
In base 7, what is 30612 - -20266?
51211
In base 7, what is 161621133 - -3?
161621136
In base 16, what is -4 + -228135?
-228139
In base 10, what is 1429132 + 3?
1429135
In base 2, what is 1101100111100001110000001 - 100?
1101100111100001101111101
In base 5, what is 1 + 311430340?
311430341
In base 10, what is 8 - -31234055?
31234063
In base 3, what is -2 - -22211020112102?
22211020112100
In base 3, what is 100202202111 - 121212?
100202010122
In base 2, what is -10 - -111101011010010010001?
111101011010010001111
In base 3, what is 102122022111001121 - 2?
102122022111001112
In base 11, what is -1270 + -1947?
-3107
In base 4, what is 23001 + 101213301?
101302302
In base 9, what is 643770433 - 2?
643770431
In base 4, what is -11310133 + -3002222?
-20313021
In base 6, what is -10032 - -55032?
45000
In base 3, what is 20221111111000 - -10?
20221111111010
In base 7, what is -1644166 - 250?
-1644446
In base 8, what is -4451736 + -33?
-4451771
In base 7, what is 14564 - 2304?
12260
In base 15, what is a - 12714c0?
-12714b5
In base 13, what is 1511c3ba + 2?
1511c3bc
In base 16, what is -2d26ef + -6?
-2d26f5
In base 12, what is 70b740 + -10?
70b730
In base 16, what is -705 + -ff51?
-10656
In base 5, what is -4034014411 + -122?
-4034020033
In base 15, what is -4 + d06e728?
d06e724
In base 16, what is -2ce - -2e92c?
2e65e
In base 9, what is 370 + 14004?
14374
In base 5, what is 12 - 2404203120?
-2404203103
In base 7, what is 221125510 + 15?
221125525
In base 5, what is 11100 + -2002202?
-1441102
In base 11, what is 43 + 41742?
41785
In base 9, what is -130184134 + 5?
-130184128
In base 7, what is -1 + 1143435154?
1143435153
In base 16, what is 4 - 6e60dd?
-6e60d9
In base 13, what is 8c49 - -19b?
9117
In base 12, what is 5 - 250a745?
-250a740
In base 6, what is -301341 + -14314?
-320055
In base 5, what is -102143240122 + -2?
-102143240124
In base 14, what is d22b2b + -2a?
d22b01
In base 8, what is 2621 + 56475?
61316
In base 7, what is -43031613 - 4?
-43031620
In base 12, what is -40 - 101475?
-1014b5
In base 2, what is 100010111101101 - 10000011101?
100000111010000
In base 15, what is -123d08d - -2?
-123d08b
In base 3, what is -100212120201212 + 111?
-100212120201101
In base 3, what is -2 + 220000221102100110?
220000221102100101
In base 5, what is 22314 - -2304104?
2331423
In base 6, what is 4413314 - -521?
4414235
In base 3, what is -1200 + 1111212200100?
1111212121200
In base 10, what is -618781 + -68?
-618849
In base 6, what is 10141 + 440224?
450405
In base 13, what is -3699580c + 5?
-36995807
In base 5, what is 1001 + 10024124114?
10024130120
In base 5, what is 2043320000211 - -3?
2043320000214
In base 7, what is -605156605 - 33?
-605156641
In base 15, what is 2118 + -30cee?
-2dbd6
In base 5, what is 0 - 420241411340?
-420241411340
In base 16, what is -25aa261 - -4?
-25aa25d
In base 14, what is 54c4 - -255?
5739
In base 2, what is 10111011110011 + -10000000101?
10101011101110
In base 11, what is -339759914 + 3?
-339759911
In base 10, what is 134 - -442003?
442137
In base 3, what is 11 - -211112011112000?
211112011112011
In base 2, what is -11101111001000011 + 10001111?
-11101110110110100
In base 3, what is -202221021001012 - -102?
-202221021000210
In base 5, what is -34030 + -43422?
-133002
In base 16, what is 2 - 24b3210?
-24b320e
In base 13, what is 2645 + c8?
2740
In base 10, what is 517561 + -331?
517230
In base 7, what is 212263 - -103411?
316004
In base 4, what is -1133300013 + 3013?
-1133231000
In base 2, what is 10001010 + 1001100000101100001011?
1001100000101110010101
In base 16, what is c0c39ae - 4?
c0c39aa
In base 9, what is 4172382055 + 2?
4172382057
In base 8, what is 30743 + 15221?
46164
In base 15, what is -140d63 - -22?
-140d41
In base 3, what is -2 + 120212201010122?
120212201010120
In base 11, what is -832 + -4539a?
-46121
In base 4, what is 0 + 1022212211113?
1022212211113
In base 15, what is 1b7c83 - -83?
1b7d16
In base 8, what is -1 + 20224435?
20224434
In base 4, what is -202110300320 - -2?
-202110300312
In base 12, what is 3856 + 1823?
5479
In base 6, what is 1005531522425 - -2?
1005531522431
In base 13, what is 1836b4 - 9?
1836a8
In base 3, what is 1102122 + 12210210210?
12212020102
In base 3, what is -10 - -102001110220021010?
102001110220021000
In base 9, what is 672 - -147537?
148320
In base 9, what is -53626640 - -4?
-53626635
In base 5, what is -10 - -1313101224?
1313101214
In base 16, what is 5 + 18b30f7?
18b30fc
In base 9, what is -347 + -52446?
-52804
In base 10, what is -662 - -920?
258
In base 10, what is -147283 + 41?
-147242
In base 2, what is 111100010010010 + 10100010?
111100100110100
In base 2, what is -11011110000111001010111000 + -11?
-11011110000111001010111011
In base 13, what is -15a6 + -ab2?
-2388
In base 11, what is 262339 - 759?
261690
In base 11, what is 1 + 6506784?
6506785
In base 14, what is -18 + 501a?
5002
In base 6, what is -3554 + -342322?
-350320
In base 9, what is 21742017 - -46?
21742064
In base 4, what is -111 - 11003202322?
-11003203033
In base 15, what is 119 + -168c95?
-168b7b
In base 2, what is 1101010000010000010 + 1000110?
1101010000011001000
In base 15, what